t is the tens digit of 6339020?
2
What is the hundreds digit of 8904698?
6
What is the hundreds digit of 3957846?
8
What is the tens digit of 333248?
4
What is the tens digit of 643560?
6
What is the hundred thousands digit of 27229231?
2
What is the units digit of 4967227?
7
What is the hundreds digit of 7264555?
5
What is the hundreds digit of 2151641?
6
What is the hundreds digit of 1658639?
6
What is the ten thousands digit of 109844?
0
What is the hundreds digit of 243415?
4
What is the hundred thousands digit of 24252432?
2
What is the ten thousands digit of 6725578?
2
What is the ten thousands digit of 941948?
4
What is the ten thousands digit of 5004507?
0
What is the hundreds digit of 30099643?
6
What is the hundreds digit of 421823?
8
What is the ten thousands digit of 861719?
6
What is the ten thousands digit of 1005759?
0
What is the thousands digit of 2210015?
0
What is the thousands digit of 644391?
4
What is the units digit of 4804164?
4
What is the hundreds digit of 3253079?
0
What is the units digit of 2652?
2
What is the hundred thousands digit of 3211845?
2
What is the ten thousands digit of 216956?
1
What is the thousands digit of 3802470?
2
What is the hundreds digit of 8038120?
1
What is the thousands digit of 860864?
0
What is the hundred thousands digit of 973568?
9
What is the units digit of 19769?
9
What is the ten thousands digit of 225809?
2
What is the hundred thousands digit of 2880918?
8
What is the ten thousands digit of 1206983?
0
What is the thousands digit of 41056?
1
What is the hundreds digit of 195184?
1
What is the tens digit of 3670576?
7
What is the ten thousands digit of 9615384?
1
What is the tens digit of 844879?
7
What is the hundreds digit of 492941?
9
What is the hundreds digit of 994153?
1
What is the ten thousands digit of 180590?
8
What is the ten thousands digit of 1582832?
8
What is the hundred thousands digit of 747419?
7
What is the ten thousands digit of 287942?
8
What is the hundreds digit of 284246?
2
What is the tens digit of 235486?
8
What is the hundred thousands digit of 241775?
2
What is the ten thousands digit of 690411?
9
What is the thousands digit of 85013?
5
What is the hundred thousands digit of 4097819?
0
What is the millions digit of 38856829?
8
What is the hundreds digit of 4196739?
7
What is the ten thousands digit of 1549876?
4
What is the thousands digit of 1083017?
3
What is the tens digit of 508018?
1
What is the thousands digit of 612628?
2
What is the units digit of 245082?
2
What is the units digit of 2824291?
1
What is the tens digit of 1674962?
6
What is the tens digit of 61147?
4
What is the thousands digit of 11087123?
7
What is the units digit of 3926277?
7
What is the units digit of 807562?
2
What is the units digit of 14031331?
1
What is the tens digit of 4128813?
1
What is the ten thousands digit of 843124?
4
What is the thousands digit of 236345?
6
What is the millions digit of 3972088?
3
What is the hundred thousands digit of 21279032?
2
What is the hundred thousands digit of 781125?
7
What is the thousands digit of 770300?
0
What is the tens digit of 2394142?
4
What is the hundreds digit of 207419?
4
What is the ten thousands digit of 340089?
4
What is the tens digit of 1864088?
8
What is the ten thousands digit of 257933?
5
What is the hundreds digit of 452203?
2
What is the thousands digit of 257583?
7
What is the units digit of 2628176?
6
What is the hundreds digit of 9376?
3
What is the millions digit of 10562510?
0
What is the hundred thousands digit of 536162?
5
What is the hundred thousands digit of 271064?
2
What is the units digit of 503823?
3
What is the units digit of 1978830?
0
What is the units digit of 5992380?
0
What is the hundred thousands digit of 1019416?
0
What is the thousands digit of 316172?
6
What is the tens digit of 366945?
4
What is the thousands digit of 16190?
6
What is the thousands digit of 322647?
2
What is the hundreds digit of 228093?
0
What is the units digit of 2093?
3
What is the ten thousands digit of 854845?
5
What is the tens digit of 9863194?
9
What is the hundred thousands digit of 555489?
5
What is the units digit of 8484723?
3
What is the thousands digit of 679099?
9
What is the ten thousands digit of 63097?
6
What is the ten thousands digit of 490147?
9
What is the millions digit of 1838664?
1
What is the thousands digit of 370045?
0
What is the hundreds digit of 374691?
6
What is the hundred thousands digit of 426823?
4
What is the thousands digit of 2690558?
0
What is the millions digit of 19556895?
9
What is the hundreds digit of 2123866?
8
What is the hundred thousands digit of 19092648?
0
What is the hundred thousands digit of 218132?
2
What is the ten thousands digit of 83266?
8
What is the millions digit of 11715526?
1
What is the thousands digit of 5408190?
8
What is the millions digit of 4717284?
4
What is the millions digit of 9931069?
9
What is the hundred thousands digit of 1014717?
0
What is the thousands digit of 10129476?
9
What is the ten thousands digit of 41818?
4
What is the tens digit of 15392201?
0
What is the hundreds digit of 422716?
7
What is the thousands digit of 282550?
2
What is the thousands digit of 812613?
2
What is the ten thousands digit of 3358785?
5
What is the ten thousands digit of 15129?
1
What is the hundreds digit of 4058569?
5
What is the hundred thousands digit of 144065?
1
What is the units digit of 324900?
0
What is the hundreds digit of 567540?
5
What is the hundreds digit of 3578588?
5
What is the hundreds digit of 85160?
1
What is the ten thousands digit of 1587811?
8
What is the ten millions digit of 17393290?
1
What is the thousands digit of 371256?
1
What is the hundreds digit of 28041?
0
What is the units digit of 482695?
5
What is the millions digit of 20162738?
0
What is the units digit of 1917637?
7
What is the hundreds digit of 53402?
4
What is the tens digit of 2048977?
7
What is the ten thousands digit of 800001?
0
What is the units digit of 1324285?
5
What is the ten thousands digit of 773979?
7
What is the hundred thousands digit of 1571775?
5
What is the tens digit of 16857051?
5
What is the hundred thousands digit of 579020?
5
What is the tens digit of 249506?
0
What is the hundred thousands digit of 333538?
3
What is the tens digit of 1180479?
7
What is the thousands digit of 1565?
1
What is the thousands digit of 9430642?
0
What is the thousands digit of 1307672?
7
What is the ten thousands digit of 198993?
9
What is the ten thousands digit of 3324025?
2
What is the ten thousands digit of 11901023?
0
What is the thousands digit of 130468?
0
What is the thousands digit of 3019276?
9
What is the thousands digit of 40995?
0
What is the ten thousands digit of 47614?
4
What is the ten thousands digit of 37747?
3
What is the hundreds digit of 27676886?
8
What is the thousands digit of 16155319?
5
What is the hundreds digit of 1103262?
2
What is the thousands digit of 1546746?
6
What is the hundreds digit of 12369106?
1
What is the hundred thousands digit of 1590429?
5
What is the thousands digit of 115274?
5
What is the hundreds digit of 33915921?
9
What is the tens digit of 446828?
2
What is the hundreds digit of 101697?
6
What is the units digit of 292689?
9
What is the ten thousands digit of 652738?
5
What is the tens digit of 7816029?
2
What is the millions digit of 6184398?
6
What is the hundreds digit of 216266?
2
What is the hundreds digit of 269722?
7
What is the hundred thousands digit of 6302443?
3
What is the ten millions digit of 17381604?
1
What is the ten thousands digit of 3818348?
1
What is the millions digit of 2825170?
2
What is the hundred thousands digit of 770373?
7
What is the tens digit of 1525711?
1
What is the thousands digit of 480571?
0
What is the tens digit of 7305417?
1
What is the thousands digit of 4293781?
3
What is the thousands digit of 3110655?
0
What is the tens digit of 1659195?
9
What is the units digit of 713185?
5
What is the hundred thousands digit of 759098?
7
What is the hundred thousands digit of 167552?
1
What is the millions digit of 2158932?
2
What is the units digit of 292858?
8
What is the hundred thousands digit of 2849976?
8
What is the millions digit of 5549224?
5
What is the units digit of 2070421